{"id":1990,"date":"2023-04-18T10:16:06","date_gmt":"2023-04-18T14:16:06","guid":{"rendered":"https:\/\/northernlightsaerofoundation.com\/la-fondation\/"},"modified":"2024-01-14T11:55:15","modified_gmt":"2024-01-14T16:55:15","slug":"la-fondation","status":"publish","type":"page","link":"https:\/\/northernlightsaerofoundation.com\/fr\/a-propos-de-nous\/la-fondation\/","title":{"rendered":"La Fondation"},"content":{"rendered":"\n\t\n\t<div class=\"icfp-block__pointy_outer\" style=\"background-color: #ffffff;\">\t\t\t\t\t\n\t\t<div class=\"icfp-block__pointy_inner\">\n\t\t\t<div class=\"icfp-block__pointy_triangle-up\" style=\"left: -400%; border-top-color: #ffffff;\"><\/div>\n\t\t\t\t<div class=\"acf-innerblocks-container\">\n\n<div class=\"wp-block-columns is-layout-flex wp-container-core-columns-is-layout-9d6595d7 wp-block-columns-is-layout-flex\">\n<div class=\"wp-block-column is-layout-flow wp-block-column-is-layout-flow\">\n<h1 class=\"wp-block-heading\">La Fondation<\/h1>\n\n\n\n<p>La Northern Lights Aero Foundation (NLAF) souligne et c\u00e9l\u00e8bre les femmes capables dans les secteurs de l\u2019aviation et de l\u2019a\u00e9ronautique. Notre mission est d\u2019attirer les femmes et de les encourager \u00e0 faire carri\u00e8re dans l\u2019industrie de l\u2019aviation et de l\u2019a\u00e9ronautique. Nous encouragerons ces ambitions en organisant des activit\u00e9s de sensibilisation, en faisant conna\u00eetre les possibilit\u00e9s de mentorat et de bourses d\u2019\u00e9tudes, et en pr\u00f4nant les valeurs de la diversit\u00e9 et de l\u2019inclusion.  <\/p>\n<\/div>\n<\/div>\n\n<\/div>\n\t\t\t<div class=\"icfp-block__pointy_triangle-down\" style=\"left: -400%; border-top-color: #ffffff;\"><\/div>\n\t\t<\/div>\n\t<\/div>\n\t\n\t<div class=\"icfp-block__pointy_outer\" style=\"background-color: #e2eff7;\">\t\t\t\t\t\n\t\t<div class=\"icfp-block__pointy_inner\">\n\t\t\t<div class=\"icfp-block__pointy_triangle-up\" style=\"left: 10%; border-top-color: #ffffff;\"><\/div>\n\t\t\t\t<div class=\"acf-innerblocks-container\">\n\n<div class=\"wp-block-columns is-layout-flex wp-container-core-columns-is-layout-9d6595d7 wp-block-columns-is-layout-flex\">\n<div class=\"wp-block-column is-layout-flow wp-block-column-is-layout-flow\">\n<h2 class=\"wp-block-heading\"><strong>Notre Vision<\/strong><\/h2>\n\n\n\n<p>\u00catre la meilleure organisation au Canada pour inspirer, soutenir et promouvoir les femmes dans le secteur de l&rsquo;aviation et de l&rsquo;a\u00e9ronautique.<\/p>\n<\/div>\n<\/div>\n\n<\/div>\n\t\t\t<div class=\"icfp-block__pointy_triangle-down\" style=\"left: 440%; border-top-color: #e2eff7;\"><\/div>\n\t\t<\/div>\n\t<\/div>\n\t\n\t<div class=\"icfp-block__pointy_outer\" style=\"background-color: #cbe2f0;\">\t\t\t\t\t\n\t\t<div class=\"icfp-block__pointy_inner\">\n\t\t\t<div class=\"icfp-block__pointy_triangle-up\" style=\"left: 10%; border-top-color: #e2eff7;\"><\/div>\n\t\t\t\t<div class=\"acf-innerblocks-container\">\n\n<div class=\"wp-block-columns is-layout-flex wp-container-core-columns-is-layout-9d6595d7 wp-block-columns-is-layout-flex\">\n<div class=\"wp-block-column is-layout-flow wp-block-column-is-layout-flow\">\n<h2 class=\"wp-block-heading\"><strong><strong>Nos d\u00e9buts<\/strong><\/strong><\/h2>\n\n\n\n<p>En 2009, quelques membres du premier chapitre canadien de The Ninety-Nines (International Organization of Women Pilots), sous la direction d\u2019Anna Pangrazzi, l\u2019instigatrice du prix, se sont r\u00e9unis pour discuter de l\u2019objectif et de la vision de cette initiative nouvelle et passionnante.<\/p>\n\n\n\n<p>De cette rencontre de dynamiques et talentueuses femmes est n\u00e9e l\u2019id\u00e9e de tenir la m\u00eame ann\u00e9e un premier gala lors duquel seraient d\u00e9cern\u00e9s les prix Elsie MacGill. L\u2019organisation s\u2019est faite en un rien de temps et la premi\u00e8re remise des prix a eu lieu le 1er octobre 2009 au restaurant scolaire de Markham-Unionville. <\/p>\n<\/div>\n<\/div>\n\n<\/div>\n\t\t\t<div class=\"icfp-block__pointy_triangle-down\" style=\"left: -400%; border-top-color: #cbe2f0;\"><\/div>\n\t\t<\/div>\n\t<\/div>\n\t\n\t<div class=\"icfp-block__pointy_outer\" style=\"background-color: #ffffff;\">\t\t\t\t\t\n\t\t<div class=\"icfp-block__pointy_inner\">\n\t\t\t<div class=\"icfp-block__pointy_triangle-up\" style=\"left: 10%; border-top-color: #cbe2f0;\"><\/div>\n\t\t\t\t<div class=\"acf-innerblocks-container\">\n\n<div class=\"wp-block-columns is-layout-flex wp-container-core-columns-is-layout-9d6595d7 wp-block-columns-is-layout-flex\">\n<div class=\"wp-block-column is-layout-flow wp-block-column-is-layout-flow\">\n<h2 class=\"wp-block-heading\"><strong>Pourquoi nommer les prix enl\u2019honneur d\u2019Elsie MacGill?<\/strong><\/h2>\n\n\n\n<p>Trois points ont \u00e9t\u00e9 pris en consid\u00e9ration :<\/p>\n\n\n\n<ol class=\"wp-block-list\" type=\"1\">\n<li>rendre hommage \u00e0 une femme ayant beaucoup apport\u00e9 \u00e0 l\u2019aviation ou \u00e0 l\u2019a\u00e9ronautique au Canada;<\/li>\n\n\n\n<li>faire valoir une Canadienne;<\/li>\n\n\n\n<li>nommer le prix en l\u2019honneur d\u2019une personne.<\/li>\n<\/ol>\n<\/div>\n<\/div>\n\n<\/div>\n\t\t\t<div class=\"icfp-block__pointy_triangle-down\" style=\"left: -400%; border-top-color: #ffffff;\"><\/div>\n\t\t<\/div>\n\t<\/div>\n\t\n\t<div class=\"icfp-block__pointy_outer\" style=\"background-color: #e2eff7;\">\t\t\t\t\t\n\t\t<div class=\"icfp-block__pointy_inner\">\n\t\t\t<div class=\"icfp-block__pointy_triangle-up\" style=\"left: 10%; border-top-color: #ffffff;\"><\/div>\n\t\t\t\t<div class=\"acf-innerblocks-container\">\n\n<div class=\"wp-block-columns is-layout-flex wp-container-core-columns-is-layout-9d6595d7 wp-block-columns-is-layout-flex\">\n<div class=\"wp-block-column is-layout-flow wp-block-column-is-layout-flow\">\n<div class=\"wp-block-columns is-layout-flex wp-container-core-columns-is-layout-9d6595d7 wp-block-columns-is-layout-flex\">\n<div class=\"wp-block-column is-layout-flow wp-block-column-is-layout-flow\">\n<h3 class=\"wp-block-heading\"><strong><strong>Hommage \u00e0 Elsie MacGill<\/strong><\/strong><\/h3>\n\n\n\n<p>Femme aux multiples talents, Elsie Gregory MacGill a accompli de grandes choses au Canada, tant dans le secteur de l\u2019aviation que dans d\u2019autres domaines, et elle a atteint ses buts en d\u00e9pit d\u2019un handicap physique qui ne l\u2019a pas frein\u00e9e. Ce prix est nomm\u00e9 en l\u2019honneur d\u2019Elsie Gregory MacGill, native de Vancouver. Elsie a v\u00e9cu selon ce qu\u2019elle a surnomm\u00e9 son fil conducteur : passion et objectivit\u00e9. Elle s\u2019y est accroch\u00e9e tout au long de sa vie hors du commun et souvent \u00e9prouvante.    <\/p>\n\n\n\n<p>Elle a \u00e9t\u00e9 la premi\u00e8re Canadienne dipl\u00f4m\u00e9e en g\u00e9nie \u00e9lectrique, la premi\u00e8re femme en Am\u00e9rique du Nord \u00e0 obtenir un dipl\u00f4me d\u2019\u00e9tudes sup\u00e9rieures en a\u00e9ronautique et la premi\u00e8re femme au monde \u00e0 concevoir des avions. Elsie a con\u00e7u et test\u00e9 le Maple Leaf Trainer II, et elle en a supervis\u00e9 la production. Surnomm\u00e9e la \u00ab Queen of the Hurricanes \u00bb, elle a jou\u00e9 un r\u00f4le d\u00e9terminant dans la production du Hawker Hurricane au Canada durant la deuxi\u00e8me Guerre mondiale et a con\u00e7u une s\u00e9rie de modifications, dont le d\u00e9givrage et les skis, pour permettre \u00e0 l\u2019appareil de voler par temps froid. Elle a si\u00e9g\u00e9 \u00e0 des comit\u00e9s de recherche et de r\u00e9glementation en mati\u00e8re d\u2019a\u00e9ronautique au Conseil national de recherches du Canada et aux Nations Unies.    <\/p>\n\n\n\n<p>En tant que membre de la Commission royale d\u2019enqu\u00eate sur la condition de la femme au Canada, elle a lutt\u00e9 en faveur de l\u2019adoption de lois fiscales et de la d\u00e9p\u00e9nalisation de l\u2019avortement. Parmi les nombreuses distinctions qui lui ont \u00e9t\u00e9 d\u00e9cern\u00e9es, Elsie a obtenu quatre doctorats honorifiques, elle a \u00e9t\u00e9 faite Officier de l\u2019Ordre du Canada et a re\u00e7u la m\u00e9daille comm\u00e9morative Amelia Earhart de l\u2019organisation The Ninety-Nines, Inc. (International Organization of Women Pilots). Elle a accompli toutes ses r\u00e9alisations en d\u00e9pit d\u2019une poliomy\u00e9lite contract\u00e9e \u00e0 l\u2019\u00e2ge de 24 ans qui l\u2019a seulement emp\u00each\u00e9e d\u2019obtenir une licence de pilote. Mais c\u2019est depuis la banquette arri\u00e8re du Maple Leaf Trainer et pench\u00e9e sur sa table \u00e0 dessin qu\u2019Elsie a n\u00e9anmoins pris son plein envol.   <\/p>\n<\/div>\n\n\n\n<div class=\"wp-block-column is-layout-flow wp-block-column-is-layout-flow\">\n<figure class=\"wp-block-embed is-type-video is-provider-youtube wp-block-embed-youtube wp-embed-aspect-16-9 wp-has-aspect-ratio\"><div class=\"wp-block-embed__wrapper\">\n<div class=\"flex-video widescreen vimeo\"><iframe loading=\"lazy\" title=\"Heritage Minute: Elsie MacGill\" width=\"500\" height=\"281\" src=\"https:\/\/www.youtube.com\/embed\/stnMHGw8qkQ?feature=oembed\" frameborder=\"0\" allow=\"accelerometer; autoplay; clipboard-write; encrypted-media; gyroscope; picture-in-picture; web-share\" referrerpolicy=\"strict-origin-when-cross-origin\" allowfullscreen><\/iframe><\/div>\n<\/div><figcaption class=\"wp-element-caption\">Credit: <a href=\"https:\/\/www.historicacanada.ca\/\">Historica Canada<\/a><\/figcaption><\/figure>\n<\/div>\n<\/div>\n<\/div>\n<\/div>\n\n<\/div>\n\t\t\t<div class=\"icfp-block__pointy_triangle-down\" style=\"left: -400%; border-top-color: #e2eff7;\"><\/div>\n\t\t<\/div>\n\t<\/div>","protected":false},"excerpt":{"rendered":"","protected":false},"author":2,"featured_media":0,"parent":2040,"menu_order":0,"comment_status":"closed","ping_status":"closed","template":"","meta":{"_acf_changed":false,"_EventAllDay":false,"_EventTimezone":"","_EventStartDate":"","_EventEndDate":"","_EventStartDateUTC":"","_EventEndDateUTC":"","_EventShowMap":false,"_EventShowMapLink":false,"_EventURL":"","_EventCost":"","_EventCostDescription":"","_EventCurrencySymbol":"","_EventCurrencyCode":"","_EventCurrencyPosition":"","_EventDateTimeSeparator":"","_EventTimeRangeSeparator":"","_EventOrganizerID":[],"_EventVenueID":[],"_OrganizerEmail":"","_OrganizerPhone":"","_OrganizerWebsite":"","_VenueAddress":"","_VenueCity":"","_VenueCountry":"","_VenueProvince":"","_VenueState":"","_VenueZip":"","_VenuePhone":"","_VenueURL":"","_VenueStateProvince":"","_VenueLat":"","_VenueLng":"","_VenueShowMap":false,"_VenueShowMapLink":false,"footnotes":""},"class_list":["post-1990","page","type-page","status-publish","hentry"],"acf":[],"_links":{"self":[{"href":"https:\/\/northernlightsaerofoundation.com\/fr\/wp-json\/wp\/v2\/pages\/1990","targetHints":{"allow":["GET"]}}],"collection":[{"href":"https:\/\/northernlightsaerofoundation.com\/fr\/wp-json\/wp\/v2\/pages"}],"about":[{"href":"https:\/\/northernlightsaerofoundation.com\/fr\/wp-json\/wp\/v2\/types\/page"}],"author":[{"embeddable":true,"href":"https:\/\/northernlightsaerofoundation.com\/fr\/wp-json\/wp\/v2\/users\/2"}],"replies":[{"embeddable":true,"href":"https:\/\/northernlightsaerofoundation.com\/fr\/wp-json\/wp\/v2\/comments?post=1990"}],"version-history":[{"count":7,"href":"https:\/\/northernlightsaerofoundation.com\/fr\/wp-json\/wp\/v2\/pages\/1990\/revisions"}],"predecessor-version":[{"id":2364,"href":"https:\/\/northernlightsaerofoundation.com\/fr\/wp-json\/wp\/v2\/pages\/1990\/revisions\/2364"}],"up":[{"embeddable":true,"href":"https:\/\/northernlightsaerofoundation.com\/fr\/wp-json\/wp\/v2\/pages\/2040"}],"wp:attachment":[{"href":"https:\/\/northernlightsaerofoundation.com\/fr\/wp-json\/wp\/v2\/media?parent=1990"}],"curies":[{"name":"wp","href":"https:\/\/api.w.org\/{rel}","templated":true}]}}

<div class="icfp-block__pointy_outer" style="background-color: #ffffff;">					
		<div class="icfp-block__pointy_inner">
			<div class="icfp-block__pointy_triangle-up" style="left: -400%; border-top-color: #ffffff;"></div>
				<div class="acf-innerblocks-container">

<div class="wp-block-columns is-layout-flex wp-container-core-columns-is-layout-9d6595d7 wp-block-columns-is-layout-flex">
<div class="wp-block-column is-layout-flow wp-block-column-is-layout-flow">
<h1 class="wp-block-heading">La Fondation</h1>



<p>La Northern Lights Aero Foundation (NLAF) souligne et célèbre les femmes capables dans les secteurs de l’aviation et de l’aéronautique. Notre mission est d’attirer les femmes et de les encourager à faire carrière dans l’industrie de l’aviation et de l’aéronautique. Nous encouragerons ces ambitions en organisant des activités de sensibilisation, en faisant connaître les possibilités de mentorat et de bourses d’études, et en prônant les valeurs de la diversité et de l’inclusion.  </p>
</div>
</div>

</div>
			<div class="icfp-block__pointy_triangle-down" style="left: -400%; border-top-color: #ffffff;"></div>
		</div>
	</div>
	
	<div class="icfp-block__pointy_outer" style="background-color: #e2eff7;">					
		<div class="icfp-block__pointy_inner">
			<div class="icfp-block__pointy_triangle-up" style="left: 10%; border-top-color: #ffffff;"></div>
				<div class="acf-innerblocks-container">

<div class="wp-block-columns is-layout-flex wp-container-core-columns-is-layout-9d6595d7 wp-block-columns-is-layout-flex">
<div class="wp-block-column is-layout-flow wp-block-column-is-layout-flow">
<h2 class="wp-block-heading"><strong>Notre Vision</strong></h2>



<p>Être la meilleure organisation au Canada pour inspirer, soutenir et promouvoir les femmes dans le secteur de l&rsquo;aviation et de l&rsquo;aéronautique.</p>
</div>
</div>

</div>
			<div class="icfp-block__pointy_triangle-down" style="left: 440%; border-top-color: #e2eff7;"></div>
		</div>
	</div>
	
	<div class="icfp-block__pointy_outer" style="background-color: #cbe2f0;">					
		<div class="icfp-block__pointy_inner">
			<div class="icfp-block__pointy_triangle-up" style="left: 10%; border-top-color: #e2eff7;"></div>
				<div class="acf-innerblocks-container">

<div class="wp-block-columns is-layout-flex wp-container-core-columns-is-layout-9d6595d7 wp-block-columns-is-layout-flex">
<div class="wp-block-column is-layout-flow wp-block-column-is-layout-flow">
<h2 class="wp-block-heading"><strong><strong>Nos débuts</strong></strong></h2>



<p>En 2009, quelques membres du premier chapitre canadien de The Ninety-Nines (International Organization of Women Pilots), sous la direction d’Anna Pangrazzi, l’instigatrice du prix, se sont réunis pour discuter de l’objectif et de la vision de cette initiative nouvelle et passionnante.</p>



<p>De cette rencontre de dynamiques et talentueuses femmes est née l’idée de tenir la même année un premier gala lors duquel seraient décernés les prix Elsie MacGill. L’organisation s’est faite en un rien de temps et la première remise des prix a eu lieu le 1er octobre 2009 au restaurant scolaire de Markham-Unionville. </p>
</div>
</div>

</div>
			<div class="icfp-block__pointy_triangle-down" style="left: -400%; border-top-color: #cbe2f0;"></div>
		</div>
	</div>
	
	<div class="icfp-block__pointy_outer" style="background-color: #ffffff;">					
		<div class="icfp-block__pointy_inner">
			<div class="icfp-block__pointy_triangle-up" style="left: 10%; border-top-color: #cbe2f0;"></div>
				<div class="acf-innerblocks-container">

<div class="wp-block-columns is-layout-flex wp-container-core-columns-is-layout-9d6595d7 wp-block-columns-is-layout-flex">
<div class="wp-block-column is-layout-flow wp-block-column-is-layout-flow">
<h2 class="wp-block-heading"><strong>Pourquoi nommer les prix enl’honneur d’Elsie MacGill?</strong></h2>



<p>Trois points ont été pris en considération :</p>



<ol class="wp-block-list" type="1">
<li>rendre hommage à une femme ayant beaucoup apporté à l’aviation ou à l’aéronautique au Canada;</li>



<li>faire valoir une Canadienne;</li>



<li>nommer le prix en l’honneur d’une personne.</li>
</ol>
</div>
</div>

</div>
			<div class="icfp-block__pointy_triangle-down" style="left: -400%; border-top-color: #ffffff;"></div>
		</div>
	</div>
	
	<div class="icfp-block__pointy_outer" style="background-color: #e2eff7;">					
		<div class="icfp-block__pointy_inner">
			<div class="icfp-block__pointy_triangle-up" style="left: 10%; border-top-color: #ffffff;"></div>
				<div class="acf-innerblocks-container">

<div class="wp-block-columns is-layout-flex wp-container-core-columns-is-layout-9d6595d7 wp-block-columns-is-layout-flex">
<div class="wp-block-column is-layout-flow wp-block-column-is-layout-flow">
<div class="wp-block-columns is-layout-flex wp-container-core-columns-is-layout-9d6595d7 wp-block-columns-is-layout-flex">
<div class="wp-block-column is-layout-flow wp-block-column-is-layout-flow">
<h3 class="wp-block-heading"><strong><strong>Hommage à Elsie MacGill</strong></strong></h3>



<p>Femme aux multiples talents, Elsie Gregory MacGill a accompli de grandes choses au Canada, tant dans le secteur de l’aviation que dans d’autres domaines, et elle a atteint ses buts en dépit d’un handicap physique qui ne l’a pas freinée. Ce prix est nommé en l’honneur d’Elsie Gregory MacGill, native de Vancouver. Elsie a vécu selon ce qu’elle a surnommé son fil conducteur : passion et objectivité. Elle s’y est accrochée tout au long de sa vie hors du commun et souvent éprouvante.    </p>



<p>Elle a été la première Canadienne diplômée en génie électrique, la première femme en Amérique du Nord à obtenir un diplôme d’études supérieures en aéronautique et la première femme au monde à concevoir des avions. Elsie a conçu et testé le Maple Leaf Trainer II, et elle en a supervisé la production. Surnommée la « Queen of the Hurricanes », elle a joué un rôle déterminant dans la production du Hawker Hurricane au Canada durant la deuxième Guerre mondiale et a conçu une série de modifications, dont le dégivrage et les skis, pour permettre à l’appareil de voler par temps froid. Elle a siégé à des comités de recherche et de réglementation en matière d’aéronautique au Conseil national de recherches du Canada et aux Nations Unies.    </p>



<p>En tant que membre de la Commission royale d’enquête sur la condition de la femme au Canada, elle a lutté en faveur de l’adoption de lois fiscales et de la dépénalisation de l’avortement. Parmi les nombreuses distinctions qui lui ont été décernées, Elsie a obtenu quatre doctorats honorifiques, elle a été faite Officier de l’Ordre du Canada et a reçu la médaille commémorative Amelia Earhart de l’organisation The Ninety-Nines, Inc. (International Organization of Women Pilots). Elle a accompli toutes ses réalisations en dépit d’une poliomyélite contractée à l’âge de 24 ans qui l’a seulement empêchée d’obtenir une licence de pilote. Mais c’est depuis la banquette arrière du Maple Leaf Trainer et penchée sur sa table à dessin qu’Elsie a néanmoins pris son plein envol.   </p>
</div>



<div class="wp-block-column is-layout-flow wp-block-column-is-layout-flow">
<figure class="wp-block-embed is-type-video is-provider-youtube wp-block-embed-youtube wp-embed-aspect-16-9 wp-has-aspect-ratio"><div class="wp-block-embed__wrapper">
<div class="flex-video widescreen vimeo"><iframe loading="lazy" title="Heritage Minute: Elsie MacGill" width="500" height="281" src="https://www.youtube.com/embed/stnMHGw8qkQ?feature=oembed" frameborder="0" allow="accelerometer; autoplay; clipboard-write; encrypted-media; gyroscope; picture-in-picture; web-share" referrerpolicy="strict-origin-when-cross-origin" allowfullscreen></iframe></div>
</div><figcaption class="wp-element-caption">Credit: <a href="https://www.historicacanada.ca/">Historica Canada</a></figcaption></figure>
</div>
</div>
</div>
</div>

</div>
			<div class="icfp-block__pointy_triangle-down" style="left: -400%; border-top-color: #e2eff7;"></div>
		</div>
	</div>
