{"id":1999,"date":"2023-04-18T10:18:43","date_gmt":"2023-04-18T14:18:43","guid":{"rendered":"https:\/\/northernlightsaerofoundation.com\/soutenir-la-nlaf\/benevole\/"},"modified":"2023-08-31T14:24:19","modified_gmt":"2023-08-31T18:24:19","slug":"benevole","status":"publish","type":"page","link":"https:\/\/northernlightsaerofoundation.com\/fr\/soutenir-la-nlaf\/benevole\/","title":{"rendered":"B\u00e9n\u00e9vole"},"content":{"rendered":"\n<div class=\"wp-block-columns is-layout-flex wp-container-core-columns-is-layout-9d6595d7 wp-block-columns-is-layout-flex\">\n<div class=\"wp-block-column is-layout-flow wp-block-column-is-layout-flow\">\n<h1 class=\"wp-block-heading\">B\u00e9n\u00e9vole<\/h1>\n\n\n\n<p>Nous sommes toujours \u00e0 la recherche de b\u00e9n\u00e9voles pour aider notre cause et pour changer durablement la vie des femmes qui veulent envisager une carri\u00e8re dans le domaine de l\u2019aviation et de l\u2019a\u00e9rospatiale. Les b\u00e9n\u00e9voles sont importants pour nous, et nous ne serions pas en mesure d\u2019inciter les jeunes femmes d\u2019un bout \u00e0 l\u2019autre du Canada \u00e0 occuper un emploi dans ces secteurs sans vous.  <\/p>\n\n\n\n<p>Si vous souhaitez :<\/p>\n\n\n\n<ul class=\"wp-block-list\">\n<li>rencontrer de nouvelles personnes ayant un int\u00e9r\u00eat commun,<\/li>\n\n\n\n<li>d\u00e9velopper vos comp\u00e9tences ou partager vos connaissances et votre expertise,<\/li>\n\n\n\n<li>acqu\u00e9rir de l\u2019exp\u00e9rience aupr\u00e8s d\u2019un organisme sans but lucratif,<\/li>\n\n\n\n<li>travailler avec des gens exceptionnels<\/li>\n<\/ul>\n\n\n\n<p><a href=\"mailto:info@northernlightsfoundation.com\" data-type=\"mailto\" data-id=\"mailto:info@northernlightsfoundation.com\">Communiquer avec nous<\/a> avec nous d\u00e8s aujourd\u2019hui et apprenez-en davantage sur nos occasions de b\u00e9n\u00e9volat. Vous pouvez aussi vous joindre \u00e0 notre communaut\u00e9 et aider \u00e0 passer le mot.<\/p>\n\n\n\n<div style=\"height:40px\" aria-hidden=\"true\" class=\"wp-block-spacer\"><\/div>\n<\/div>\n\n\n\n<div class=\"wp-block-column is-layout-flow wp-block-column-is-layout-flow\">\n<figure class=\"wp-block-image size-full\"><img loading=\"lazy\" decoding=\"async\" width=\"945\" height=\"630\" src=\"https:\/\/northernlightsaerofoundation.com\/wp-content\/uploads\/2023\/06\/Heather-with-girls_ReidAllin.jpg\" alt=\"La b&#xE9;n&#xE9;vole Heather aide deux jeunes filles &#xE0; soutenir les femmes qui souhaitent envisager une carri&#xE8;re dans l'aviation et l'a&#xE9;rospatiale.\" class=\"wp-image-1712\" srcset=\"https:\/\/northernlightsaerofoundation.com\/wp-content\/uploads\/2023\/06\/Heather-with-girls_ReidAllin.jpg 945w, https:\/\/northernlightsaerofoundation.com\/wp-content\/uploads\/2023\/06\/Heather-with-girls_ReidAllin-600x400.jpg 600w, https:\/\/northernlightsaerofoundation.com\/wp-content\/uploads\/2023\/06\/Heather-with-girls_ReidAllin-800x533.jpg 800w\" sizes=\"auto, (max-width: 945px) 100vw, 945px\" \/><\/figure>\n<\/div>\n<\/div>\n","protected":false},"excerpt":{"rendered":"<p>B\u00e9n\u00e9vole Nous sommes toujours \u00e0 la recherche de b\u00e9n\u00e9voles pour aider notre cause et pour changer durablement la vie des femmes qui veulent envisager une carri\u00e8re dans le domaine de [&hellip;]<\/p>\n","protected":false},"author":2,"featured_media":0,"parent":1996,"menu_order":0,"comment_status":"closed","ping_status":"closed","template":"","meta":{"_acf_changed":false,"_EventAllDay":false,"_EventTimezone":"","_EventStartDate":"","_EventEndDate":"","_EventStartDateUTC":"","_EventEndDateUTC":"","_EventShowMap":false,"_EventShowMapLink":false,"_EventURL":"","_EventCost":"","_EventCostDescription":"","_EventCurrencySymbol":"","_EventCurrencyCode":"","_EventCurrencyPosition":"","_EventDateTimeSeparator":"","_EventTimeRangeSeparator":"","_EventOrganizerID":[],"_EventVenueID":[],"_OrganizerEmail":"","_OrganizerPhone":"","_OrganizerWebsite":"","_VenueAddress":"","_VenueCity":"","_VenueCountry":"","_VenueProvince":"","_VenueState":"","_VenueZip":"","_VenuePhone":"","_VenueURL":"","_VenueStateProvince":"","_VenueLat":"","_VenueLng":"","_VenueShowMap":false,"_VenueShowMapLink":false,"footnotes":""},"class_list":["post-1999","page","type-page","status-publish","hentry"],"acf":[],"_links":{"self":[{"href":"https:\/\/northernlightsaerofoundation.com\/fr\/wp-json\/wp\/v2\/pages\/1999","targetHints":{"allow":["GET"]}}],"collection":[{"href":"https:\/\/northernlightsaerofoundation.com\/fr\/wp-json\/wp\/v2\/pages"}],"about":[{"href":"https:\/\/northernlightsaerofoundation.com\/fr\/wp-json\/wp\/v2\/types\/page"}],"author":[{"embeddable":true,"href":"https:\/\/northernlightsaerofoundation.com\/fr\/wp-json\/wp\/v2\/users\/2"}],"replies":[{"embeddable":true,"href":"https:\/\/northernlightsaerofoundation.com\/fr\/wp-json\/wp\/v2\/comments?post=1999"}],"version-history":[{"count":1,"href":"https:\/\/northernlightsaerofoundation.com\/fr\/wp-json\/wp\/v2\/pages\/1999\/revisions"}],"predecessor-version":[{"id":2000,"href":"https:\/\/northernlightsaerofoundation.com\/fr\/wp-json\/wp\/v2\/pages\/1999\/revisions\/2000"}],"up":[{"embeddable":true,"href":"https:\/\/northernlightsaerofoundation.com\/fr\/wp-json\/wp\/v2\/pages\/1996"}],"wp:attachment":[{"href":"https:\/\/northernlightsaerofoundation.com\/fr\/wp-json\/wp\/v2\/media?parent=1999"}],"curies":[{"name":"wp","href":"https:\/\/api.w.org\/{rel}","templated":true}]}}

Bénévole

<div class="wp-block-columns is-layout-flex wp-container-core-columns-is-layout-9d6595d7 wp-block-columns-is-layout-flex">
<div class="wp-block-column is-layout-flow wp-block-column-is-layout-flow">
<h1 class="wp-block-heading">Bénévole</h1>



<p>Nous sommes toujours à la recherche de bénévoles pour aider notre cause et pour changer durablement la vie des femmes qui veulent envisager une carrière dans le domaine de l’aviation et de l’aérospatiale. Les bénévoles sont importants pour nous, et nous ne serions pas en mesure d’inciter les jeunes femmes d’un bout à l’autre du Canada à occuper un emploi dans ces secteurs sans vous.  </p>



<p>Si vous souhaitez :</p>



<ul class="wp-block-list">
<li>rencontrer de nouvelles personnes ayant un intérêt commun,</li>



<li>développer vos compétences ou partager vos connaissances et votre expertise,</li>



<li>acquérir de l’expérience auprès d’un organisme sans but lucratif,</li>



<li>travailler avec des gens exceptionnels</li>
</ul>



<p><a href="mailto:info@northernlightsfoundation.com" data-type="mailto" data-id="mailto:info@northernlightsfoundation.com">Communiquer avec nous</a> avec nous dès aujourd’hui et apprenez-en davantage sur nos occasions de bénévolat. Vous pouvez aussi vous joindre à notre communauté et aider à passer le mot.</p>



<div style="height:40px" aria-hidden="true" class="wp-block-spacer"></div>
</div>



<div class="wp-block-column is-layout-flow wp-block-column-is-layout-flow">
<figure class="wp-block-image size-full"><img loading="lazy" decoding="async" width="945" height="630" src="https://northernlightsaerofoundation.com/wp-content/uploads/2023/06/Heather-with-girls_ReidAllin.jpg" alt="La b&#xE9;n&#xE9;vole Heather aide deux jeunes filles &#xE0; soutenir les femmes qui souhaitent envisager une carri&#xE8;re dans l'aviation et l'a&#xE9;rospatiale." class="wp-image-1712" srcset="https://northernlightsaerofoundation.com/wp-content/uploads/2023/06/Heather-with-girls_ReidAllin.jpg 945w, https://northernlightsaerofoundation.com/wp-content/uploads/2023/06/Heather-with-girls_ReidAllin-600x400.jpg 600w, https://northernlightsaerofoundation.com/wp-content/uploads/2023/06/Heather-with-girls_ReidAllin-800x533.jpg 800w" sizes="auto, (max-width: 945px) 100vw, 945px" /></figure>
</div>
</div>

<p>Bénévole Nous sommes toujours à la recherche de bénévoles pour aider notre cause et pour changer durablement la vie des femmes qui veulent envisager une carrière dans le domaine de [&hellip;]</p>
