{"id":2001,"date":"2023-04-18T10:19:05","date_gmt":"2023-04-18T14:19:05","guid":{"rendered":"https:\/\/northernlightsaerofoundation.com\/soutenir-la-nlaf\/faire-un-don\/"},"modified":"2023-08-31T14:34:24","modified_gmt":"2023-08-31T18:34:24","slug":"faire-un-don","status":"publish","type":"page","link":"https:\/\/northernlightsaerofoundation.com\/fr\/soutenir-la-nlaf\/faire-un-don\/","title":{"rendered":"Faire un don"},"content":{"rendered":"\n<div class=\"wp-block-columns is-layout-flex wp-container-core-columns-is-layout-9d6595d7 wp-block-columns-is-layout-flex\">\n<div class=\"wp-block-column is-layout-flow wp-block-column-is-layout-flow\">\n<div class=\"wp-block-columns is-layout-flex wp-container-core-columns-is-layout-9d6595d7 wp-block-columns-is-layout-flex\">\n<div class=\"wp-block-column is-layout-flow wp-block-column-is-layout-flow\">\n<h1 class=\"wp-block-heading\">Faire un don<\/h1>\n\n\n\n<p>Ensemble, nous pouvons cr\u00e9er un mouvement national qui incite les gens \u0153uvrant dans les domaines de l\u2019aviation et de l\u2019a\u00e9rospatiale \u00e0 se r\u00e9unir pour sensibiliser les jeunes femmes de la nouvelle g\u00e9n\u00e9ration \u00e0 choisir diverses carri\u00e8res dans ces m\u00eames secteurs.<\/p>\n\n\n\n<p>Votre don vise contribue \u00e0 :<\/p>\n\n\n\n<ul class=\"wp-block-list\">\n<li>\u00c9duquer les femmes et les sensibiliser aux diff\u00e9rentes carri\u00e8res dans le domaine de l\u2019aviation et de l\u2019a\u00e9rospatiale;<\/li>\n\n\n\n<li>Am\u00e9liorer l\u2019acc\u00e8s des femmes aux diverses possibilit\u00e9s d\u2019emploi dans l\u2019aviation et l\u2019a\u00e9rospatiale et leur permettre d\u2019exceller dans ces domaines;<\/li>\n\n\n\n<li>Sensibiliser l\u2019industrie au r\u00f4le important que jouent les femmes dans ces domaines;<\/li>\n\n\n\n<li>Plaider en faveur de l\u2019acceptation des femmes dans ces domaines.<\/li>\n<\/ul>\n\n\n\n<p>Les dons peuvent \u00eatre effectu\u00e9s par ch\u00e8que ou via <a href=\"https:\/\/www.paypal.me\/NLAF\">PayPal<\/a>. Merci pour votre soutien! Vos contributions seront soulign\u00e9es lors de notre gala annuel de remise des prix. Nous vous remercions pour vos contributions \u00e0 la Northern Lights Aero Foundation.<\/p>\n\n\n\n\t\n\t\t\n\t\t<div class=\"icfp-block__button_outer\" style=\"text-align: \"> \n\t\t\t<a href=\"https:\/\/www.paypal.me\/NLAF\" class=\"button\" style=\"border-radius: 6px; background-color: #242a63; color: #ffffff;\" \">Faire un don<\/a>\n\t\t<\/div>\n\t\t<\/div>\n\n\n\n<div class=\"wp-block-column is-layout-flow wp-block-column-is-layout-flow\">\n<figure class=\"wp-block-image size-full\"><img loading=\"lazy\" decoding=\"async\" width=\"800\" height=\"500\" src=\"https:\/\/northernlightsaerofoundation.com\/wp-content\/uploads\/2023\/07\/nlaf-trade-booth-t.jpg\" alt=\"Deux personnes se tiennent derri&#xE8;re le stand du salon NLAF avec une nappe de marque et une banni&#xE8;re derri&#xE8;re. \" class=\"wp-image-1781\" srcset=\"https:\/\/northernlightsaerofoundation.com\/wp-content\/uploads\/2023\/07\/nlaf-trade-booth-t.jpg 800w, https:\/\/northernlightsaerofoundation.com\/wp-content\/uploads\/2023\/07\/nlaf-trade-booth-t-640x400.jpg 640w\" sizes=\"auto, (max-width: 800px) 100vw, 800px\" \/><\/figure>\n<\/div>\n<\/div>\n<\/div>\n<\/div>\n\n<div style=\"height:40px\" aria-hidden=\"true\" class=\"wp-block-spacer\"><\/div>\n\n\t\n\t<div class=\"icfp-block__pointy_outer\" style=\"background-color: #e2eff7;\">\t\t\t\t\t\n\t\t<div class=\"icfp-block__pointy_inner\">\n\t\t\t<div class=\"icfp-block__pointy_triangle-up\" style=\"left: 10%; border-top-color: #ffffff;\"><\/div>\n\t\t\t\t<div class=\"acf-innerblocks-container\">\n\n<div class=\"wp-block-columns is-layout-flex wp-container-core-columns-is-layout-9d6595d7 wp-block-columns-is-layout-flex\">\n<div class=\"wp-block-column is-layout-flow wp-block-column-is-layout-flow\">\n<div class=\"wp-block-columns are-vertically-aligned-center is-layout-flex wp-container-core-columns-is-layout-9d6595d7 wp-block-columns-is-layout-flex\">\n<div class=\"wp-block-column is-vertically-aligned-center is-layout-flow wp-block-column-is-layout-flow\">\n<h2 class=\"wp-block-heading\">Dons de points A\u00e9roplan<\/h2>\n\n\n\n<p>Faites don de vos points A\u00e9roplan pour soutenir la sensibilisation de la Northern Lights Aero Foundation et aider \u00e0 inspirer les femmes de partout au Canada \u00e0 r\u00e9aliser leurs r\u00eaves dans l&rsquo;aviation et l&rsquo;a\u00e9rospatiale. Faites don de vos points aujourd&rsquo;hui ! Nous appr\u00e9cions votre soutien.  <\/p>\n\n\n\n\t\n\t\t\n\t\t<div class=\"icfp-block__button_outer\" style=\"text-align: \"> \n\t\t\t<a href=\"https:\/\/donatepoints.aircanada.com\/eng\/charity\/1451\" class=\"button\" style=\"border-radius: 6px; background-color: ; color: ;\" \">Faire don de points<\/a>\n\t\t<\/div>\n\t\t<\/div>\n\n\n\n<div class=\"wp-block-column is-vertically-aligned-center is-layout-flow wp-block-column-is-layout-flow\">\n<figure class=\"wp-block-image size-full\"><img loading=\"lazy\" decoding=\"async\" width=\"800\" height=\"500\" src=\"https:\/\/northernlightsaerofoundation.com\/wp-content\/uploads\/2023\/07\/aeroplan-alpha-t.png\" alt=\"A&#xE9;roplan\" class=\"wp-image-1777\" srcset=\"https:\/\/northernlightsaerofoundation.com\/wp-content\/uploads\/2023\/07\/aeroplan-alpha-t.png 800w, https:\/\/northernlightsaerofoundation.com\/wp-content\/uploads\/2023\/07\/aeroplan-alpha-t-640x400.png 640w\" sizes=\"auto, (max-width: 800px) 100vw, 800px\" \/><\/figure>\n<\/div>\n<\/div>\n<\/div>\n<\/div>\n\n<\/div>\n\t\t\t<div class=\"icfp-block__pointy_triangle-down\" style=\"left: -400%; border-top-color: #e2eff7;\"><\/div>\n\t\t<\/div>\n\t<\/div>","protected":false},"excerpt":{"rendered":"<p>Faire un don Ensemble, nous pouvons cr\u00e9er un mouvement national qui incite les gens \u0153uvrant dans les domaines de l\u2019aviation et de l\u2019a\u00e9rospatiale \u00e0 se r\u00e9unir pour sensibiliser les jeunes [&hellip;]<\/p>\n","protected":false},"author":2,"featured_media":0,"parent":1996,"menu_order":0,"comment_status":"closed","ping_status":"closed","template":"","meta":{"_acf_changed":false,"_EventAllDay":false,"_EventTimezone":"","_EventStartDate":"","_EventEndDate":"","_EventStartDateUTC":"","_EventEndDateUTC":"","_EventShowMap":false,"_EventShowMapLink":false,"_EventURL":"","_EventCost":"","_EventCostDescription":"","_EventCurrencySymbol":"","_EventCurrencyCode":"","_EventCurrencyPosition":"","_EventDateTimeSeparator":"","_EventTimeRangeSeparator":"","_EventOrganizerID":[],"_EventVenueID":[],"_OrganizerEmail":"","_OrganizerPhone":"","_OrganizerWebsite":"","_VenueAddress":"","_VenueCity":"","_VenueCountry":"","_VenueProvince":"","_VenueState":"","_VenueZip":"","_VenuePhone":"","_VenueURL":"","_VenueStateProvince":"","_VenueLat":"","_VenueLng":"","_VenueShowMap":false,"_VenueShowMapLink":false,"footnotes":""},"class_list":["post-2001","page","type-page","status-publish","hentry"],"acf":[],"_links":{"self":[{"href":"https:\/\/northernlightsaerofoundation.com\/fr\/wp-json\/wp\/v2\/pages\/2001","targetHints":{"allow":["GET"]}}],"collection":[{"href":"https:\/\/northernlightsaerofoundation.com\/fr\/wp-json\/wp\/v2\/pages"}],"about":[{"href":"https:\/\/northernlightsaerofoundation.com\/fr\/wp-json\/wp\/v2\/types\/page"}],"author":[{"embeddable":true,"href":"https:\/\/northernlightsaerofoundation.com\/fr\/wp-json\/wp\/v2\/users\/2"}],"replies":[{"embeddable":true,"href":"https:\/\/northernlightsaerofoundation.com\/fr\/wp-json\/wp\/v2\/comments?post=2001"}],"version-history":[{"count":1,"href":"https:\/\/northernlightsaerofoundation.com\/fr\/wp-json\/wp\/v2\/pages\/2001\/revisions"}],"predecessor-version":[{"id":2002,"href":"https:\/\/northernlightsaerofoundation.com\/fr\/wp-json\/wp\/v2\/pages\/2001\/revisions\/2002"}],"up":[{"embeddable":true,"href":"https:\/\/northernlightsaerofoundation.com\/fr\/wp-json\/wp\/v2\/pages\/1996"}],"wp:attachment":[{"href":"https:\/\/northernlightsaerofoundation.com\/fr\/wp-json\/wp\/v2\/media?parent=2001"}],"curies":[{"name":"wp","href":"https:\/\/api.w.org\/{rel}","templated":true}]}}

<div class="wp-block-columns is-layout-flex wp-container-core-columns-is-layout-9d6595d7 wp-block-columns-is-layout-flex">
<div class="wp-block-column is-layout-flow wp-block-column-is-layout-flow">
<div class="wp-block-columns is-layout-flex wp-container-core-columns-is-layout-9d6595d7 wp-block-columns-is-layout-flex">
<div class="wp-block-column is-layout-flow wp-block-column-is-layout-flow">
<h1 class="wp-block-heading">Faire un don</h1>



<p>Ensemble, nous pouvons créer un mouvement national qui incite les gens œuvrant dans les domaines de l’aviation et de l’aérospatiale à se réunir pour sensibiliser les jeunes femmes de la nouvelle génération à choisir diverses carrières dans ces mêmes secteurs.</p>



<p>Votre don vise contribue à :</p>



<ul class="wp-block-list">
<li>Éduquer les femmes et les sensibiliser aux différentes carrières dans le domaine de l’aviation et de l’aérospatiale;</li>



<li>Améliorer l’accès des femmes aux diverses possibilités d’emploi dans l’aviation et l’aérospatiale et leur permettre d’exceller dans ces domaines;</li>



<li>Sensibiliser l’industrie au rôle important que jouent les femmes dans ces domaines;</li>



<li>Plaider en faveur de l’acceptation des femmes dans ces domaines.</li>
</ul>



<p>Les dons peuvent être effectués par chèque ou via <a href="https://www.paypal.me/NLAF">PayPal</a>. Merci pour votre soutien! Vos contributions seront soulignées lors de notre gala annuel de remise des prix. Nous vous remercions pour vos contributions à la Northern Lights Aero Foundation.</p>



	
		
		<div class="icfp-block__button_outer" style="text-align: "> 
			<a href="https://www.paypal.me/NLAF" class="button" style="border-radius: 6px; background-color: #242a63; color: #ffffff;" ">Faire un don</a>
		</div>
		</div>



<div class="wp-block-column is-layout-flow wp-block-column-is-layout-flow">
<figure class="wp-block-image size-full"><img loading="lazy" decoding="async" width="800" height="500" src="https://northernlightsaerofoundation.com/wp-content/uploads/2023/07/nlaf-trade-booth-t.jpg" alt="Deux personnes se tiennent derri&#xE8;re le stand du salon NLAF avec une nappe de marque et une banni&#xE8;re derri&#xE8;re. " class="wp-image-1781" srcset="https://northernlightsaerofoundation.com/wp-content/uploads/2023/07/nlaf-trade-booth-t.jpg 800w, https://northernlightsaerofoundation.com/wp-content/uploads/2023/07/nlaf-trade-booth-t-640x400.jpg 640w" sizes="auto, (max-width: 800px) 100vw, 800px" /></figure>
</div>
</div>
</div>
</div>

<div style="height:40px" aria-hidden="true" class="wp-block-spacer"></div>

	
	<div class="icfp-block__pointy_outer" style="background-color: #e2eff7;">					
		<div class="icfp-block__pointy_inner">
			<div class="icfp-block__pointy_triangle-up" style="left: 10%; border-top-color: #ffffff;"></div>
				<div class="acf-innerblocks-container">

<div class="wp-block-columns is-layout-flex wp-container-core-columns-is-layout-9d6595d7 wp-block-columns-is-layout-flex">
<div class="wp-block-column is-layout-flow wp-block-column-is-layout-flow">
<div class="wp-block-columns are-vertically-aligned-center is-layout-flex wp-container-core-columns-is-layout-9d6595d7 wp-block-columns-is-layout-flex">
<div class="wp-block-column is-vertically-aligned-center is-layout-flow wp-block-column-is-layout-flow">
<h2 class="wp-block-heading">Dons de points Aéroplan</h2>



<p>Faites don de vos points Aéroplan pour soutenir la sensibilisation de la Northern Lights Aero Foundation et aider à inspirer les femmes de partout au Canada à réaliser leurs rêves dans l&rsquo;aviation et l&rsquo;aérospatiale. Faites don de vos points aujourd&rsquo;hui ! Nous apprécions votre soutien.  </p>



	
		
		<div class="icfp-block__button_outer" style="text-align: "> 
			<a href="https://donatepoints.aircanada.com/eng/charity/1451" class="button" style="border-radius: 6px; background-color: ; color: ;" ">Faire don de points</a>
		</div>
		</div>



<div class="wp-block-column is-vertically-aligned-center is-layout-flow wp-block-column-is-layout-flow">
<figure class="wp-block-image size-full"><img loading="lazy" decoding="async" width="800" height="500" src="https://northernlightsaerofoundation.com/wp-content/uploads/2023/07/aeroplan-alpha-t.png" alt="A&#xE9;roplan" class="wp-image-1777" srcset="https://northernlightsaerofoundation.com/wp-content/uploads/2023/07/aeroplan-alpha-t.png 800w, https://northernlightsaerofoundation.com/wp-content/uploads/2023/07/aeroplan-alpha-t-640x400.png 640w" sizes="auto, (max-width: 800px) 100vw, 800px" /></figure>
</div>
</div>
</div>
</div>

</div>
			<div class="icfp-block__pointy_triangle-down" style="left: -400%; border-top-color: #e2eff7;"></div>
		</div>
	</div>

<p>Faire un don Ensemble, nous pouvons créer un mouvement national qui incite les gens œuvrant dans les domaines de l’aviation et de l’aérospatiale à se réunir pour sensibiliser les jeunes [&hellip;]</p>
